is the tens digit of w?
2
Suppose 13*c + 605 = 18*c. Let l = c - 101. What is the tens digit of l?
2
Let q be (-35)/175 + 46/5. Let l be 15*q/(-54)*68/(-2). Let r = l - -48. What is the units digit of r?
3
Suppose 5*i + 5*o - 2*o = 5236, -1042 = -i + 2*o. Let k = i - -168. What is the tens digit of k?
1
Let q = 17378 + -5638. What is the ten thousands digit of q?
1
What is the thousands digit of 5720/(-195)*(-366)/4?
2
What is the units digit of (57/38)/(6/44792)?
8
Suppose 0 = -34*s + 71399 + 141577. What is the tens digit of s?
6
Let s be (3*(-7)/(-42))/((-1)/(-4)). Suppose s*i - 5*c - 1891 = 7, c = -i + 956. What is the hundreds digit of i?
9
Let b(v) = -6*v - 23*v + 178 + 12*v. What is the units digit of b(7)?
9
Let s be (2 - 1)*1 + 2. Suppose -287*p = -375*p + 18304. Suppose -s*d = p - 898. What is the units digit of d?
0
Suppose -10 = -2*w + 4*o + 14, 0 = 5*w + 3*o - 34. Let l be w + 0*(2 + -1). Suppose -6*z = -l*z + 60. What is the tens digit of z?
3
Let v(x) = x**3 - 7*x**2 + 16*x - 108. Let c be v(7). Suppose 2*d - 2*b = 714, 108 = -d + c*b + 462. What is the tens digit of d?
5
Let c = 24974 - -45259. What is the thousands digit of c?
0
Suppose -38*x = -23*x - 131355. What is the tens digit of x?
5
What is the thousands digit of 6/(-4) - (14778/(-8))/((-128)/(-256))?
3
Let j be (-24)/6*296 + 1. Let w = j + 2005. What is the hundreds digit of w?
8
Let q be (-348)/14 - (-4)/(-28). Let w = -21 - q. Let v(y) = 2*y**2 + 3*y + 2. What is the units digit of v(w)?
6
Let r be (-31 - -13)/((-9)/(-66)*-1). Suppose -w = -1537 + r. What is the tens digit of w?
0
Suppose -w + 2095 = -0*w. Let r = w - 966. What is the thousands digit of r?
1
Let x(v) = v**2 + 14*v + 5. Let k be x(-8). Let h = 37 + k. Let j(g) = g**3 + 8*g**2 - 5*g - 6. What is the units digit of j(h)?
6
Let t be ((-30)/9 - -4)/(2/75). Suppose -4*w + 45 = -0*m + m, 0 = -5*w - t. Let q = m - 51. What is the units digit of q?
4
Let t be -1 + 111/21 + (-2)/7. Let i be (-252)/(-147)*154/t. Let s = 92 - i. What is the tens digit of s?
2
Suppose 3*o - 125670 = 4*l - 21395, -34761 = -o + 2*l. What is the thousands digit of o?
4
Suppose -8*j + 80*j = 753840. What is the hundreds digit of j?
4
Let c be 11/(-2*(-3)/6). Suppose -5*f = -4*i - c, 16 = -0*f + 4*f + 4*i. What is the tens digit of ((f - 78) + 2)*-1?
7
Let o(u) = 8*u**2 - 9*u - 1. Let t be o(6). Let d = t + -141. What is the tens digit of d?
9
What is the tens digit of -1 - -17 - (239 + -28101)?
7
What is the units digit of (117/26 + -5)*642*(-146)/3?
2
Let m = 41159 - 2541. What is the tens digit of m?
1
Let o(x) = -x**3 + 22*x**2 + 24*x - 3. Let f be o(20). Let r = f - 397. What is the hundreds digit of r?
8
Let q(j) = -j**2 + 10*j - 7. Let r be 0 - 9/((-18)/8). Let k(z) = z**2 - 10. Let a be k(r). What is the units digit of q(a)?
7
Let g = 36705 - -42222. What is the thousands digit of g?
8
Suppose -40 = 11*x - x. Let w be -5*(1 + x)/((-10)/(-310)). Suppose -2*t + t - 4*a = -96, -w = -5*t - 5*a. What is the units digit of t?
2
Let i be -2 + (3 - 4) - 108. Let v = i - -115. What is the units digit of 1*1912/28 - v/14?
8
Let t(x) = 55*x + 6. Let g be t(-1). What is the hundreds digit of (-59)/(-1)*(-7)/(g/77)?
6
Let j be ((-2)/3*-6)/(-2). Let y be (-15 - -3)*1/j. Suppose 5*r = -15, 0 = 5*l + y*r - r - 350. What is the units digit of l?
3
Let u(p) = -8*p**2 - 70*p + 7. Let w(i) = -23*i**2 - 208*i + 21. Let t(g) = -11*u(g) + 4*w(g). What is the hundreds digit of t(-7)?
2
Let o(y) = 5*y**2 - 10*y - 58. Let i be o(-4). Let j = 140 - i. What is the units digit of j?
8
What is the thousands digit of 7651616/560 - (6/(-5))/(-2)?
3
Let u be -2 + (-2 - -2) - (-8 + 0). Let p(l) = 10*l**2 - 21*l + 10. Let n(v) = 5*v**2 - 10*v + 5. Let a(k) = -5*n(k) + 3*p(k). What is the units digit of a(u)?
7
Let s(i) = -i**2 + i + 1953. What is the units digit of s(0)?
3
Let u(f) be the second derivative of -f**6/120 - 21*f**5/40 - 7*f**4/12 + 24*f. Let t(z) be the third derivative of u(z). What is the units digit of t(-20)?
7
Let t = -7692 - -11430. What is the thousands digit of t?
3
Suppose 4310 = 5*j - a, 0*a = -5*j - 2*a + 4325. Suppose -272 = -5*m + j. What is the hundreds digit of m?
2
Let t = 0 + 0. Let a = -30 + 402. Suppose -r - 608 = -5*g, t = -g + 4*g + 3*r - a. What is the hundreds digit of g?
1
Suppose 7287447 + 3692963 = 432*l - 11483590. What is the tens digit of l?
0
Let q be (-1 + 1)/(4 - (-4 + 7)). Suppose q = 5*v + 3*t - 2180, 1880 = 5*v - 3*t - 300. What is the tens digit of v?
3
Let t = 2962 + -1987. Suppose -t = -13*x + 494. What is the hundreds digit of x?
1
Let t be 4/10 - 2/5 - -3. Let o be (5 + 0)/(3*t/9). Suppose q + 14 = l + o*q, -2*l - 5*q = -25. What is the units digit of l?
0
What is the ten thousands digit of (-355574)/(-26) - 86/(-1118)?
1
Let w = -54 - -48. Let p be w/(-9) + 168/(-9). What is the units digit of 4/(p/(-16) - 1)?
2
Let c(m) = 6*m + 20. Let s(w) = 9 - 8*w - 9*w - 68. Let q(j) = 8*c(j) + 3*s(j). What is the tens digit of q(-18)?
3
What is the tens digit of ((-4)/((-8)/(-18)))/((-58)/4524)?
0
Let f(x) = 134*x**2 - 15*x - 610. What is the units digit of f(-19)?
9
Let w = 17156 + -16173. What is the tens digit of w?
8
Suppose 0 = -4*f + 5*i + 24369 + 50298, 4*f = 4*i + 74664. What is the ten thousands digit of f?
1
Let q = 329 + -324. Suppose 6*z - 3*z - 4*o = 2401, -q*o - 3995 = -5*z. What is the units digit of z?
5
Suppose 0 = -3*y + 5*s + 2841, 4*y - 2*y = 2*s + 1894. Suppose -149 - y = -2*m. What is the units digit of m?
8
Let t be ((-75)/(-50) + (-29)/2)*-47. Suppose 5017 = 6*k - t. What is the units digit of k?
8
Let q(s) = 11*s**2 + s - 3. Let w be q(-3). Let o = w - 96. What is the tens digit of (-2 - o)*(0 + 113)?
1
Let u(n) = -37*n**3 - 3*n**2 + 2*n - 3. Let a be u(2). Suppose -27*s + 4*s = -8*s + 7680. Let t = a - s. What is the units digit of t?
5
Suppose 0*u - 3*m - 3600 = 5*u, -4*m = -4*u - 2848. Let o = 1307 + u. What is the units digit of o?
0
Let c = -948 - -3857. What is the hundreds digit of c?
9
Let w(p) be the second derivative of 3*p**4/4 - 5*p**3/3 + 5*p**2 + 9*p + 1. What is the units digit of w(-5)?
5
Let h(j) = -134*j + 276. What is the thousands digit of h(-25)?
3
Let q = 18303 + 14932. What is the units digit of q?
5
Let l(h) = -h - 1 + 8*h + 3*h**2 - 2*h - 6*h**2 + 2*h**2. Let o(z) = 2*z - 8. Let b be o(6). What is the units digit of l(b)?
3
Suppose -4*b = -5*j + b + 45, -j + 24 = -4*b. Let u(r) be the third derivative of r**4/12 - r**3/6 + 19*r**2. What is the units digit of u(j)?
7
Let w(r) = 171*r**3 + 4*r**2 - 11*r + 13. What is the hundreds digit of w(2)?
3
Let s be (-4256)/(-64)*(-12)/(-21). Let g(l) = l**2 - 43*l + 241. What is the units digit of g(s)?
1
Let b be 617 + 48 - 2/1*-2. Let l = 1119 - b. What is the units digit of l?
0
Let o be (12/5 - 2)/(36/3600). Suppose 6 = -v - 2*v, 5*v + o = 2*g. What is the tens digit of g?
1
Suppose -2*m = m - 840. Let s(x) = x**3 + 14*x**2 + 16*x + 44. Let q be s(-13). Suppose 0 = -q*i - 0*i + m. What is the tens digit of i?
5
Suppose 30*b - 38*b = 11872. Let g = -912 - b. What is the hundreds digit of g?
5
Let c = -3049 - -5425. What is the units digit of c?
6
Suppose 10*g = 6*g. Suppose 36*w - 34*w - 688 = g. What is the hundreds digit of w?
3
Let p(a) = 10*a - 2*a + 4*a**2 - a**2 - a**2 - 10. Let w be p(6). Let g = w + -26. What is the units digit of g?
4
Let x = 4166 + -3929. What is the hundreds digit of x?
2
What is the tens digit of -7 + -7 - -6274 - 3?
5
Suppose -5*h - 34 = 6. Let l = 2 + h. What is the units digit of l/9*(-219)/2?
3
Let r(q) be the third derivative of -31*q**6/40 + q**4/24 + q**3/6 + 2*q**2 + 5*q. Let t be (-2)/7 - (-10)/(-14). What is the tens digit of r(t)?
9
Let b be (-2 + 3)*(-392)/(-14). Let d = b - -283. What is the tens digit of d?
1
Let t(w) = -2 + 24 - 2*w + 10*w + 79*w. What is the units digit of t(3)?
3
Let c be ((-33024)/28)/2*-7. Suppose -3*g - g - 4*j + c = 0, -5*j = -4*g + 4146. What is the tens digit of g?
3
What is the tens digit of -10 + -2 + 4/1 - -44234?
2
Let m(w) = 511*w - 204. What is the tens digit of m(13)?
3
Let c = -134 + 73. Let g = -56 - c. Suppose -4*r + 301 = -2*r + 3*b, -g*b = -r + 118. What is the units digit of r?
3
Let b(o) = 285*o**2 + 3*o - 3. Suppose 2*f + h = 1, 0*f - 3*h 